de 5837?
False
Is 37 a factor of 1205?
False
Does 63 divide 27216?
True
Does 18 divide 72234?
True
Is 16 a factor of 80?
True
Is 1197 a multiple of 9?
True
Is 150 a factor of 8467?
False
Is 14 a factor of 588?
True
Does 2 divide 329?
False
Is 1276 a multiple of 22?
True
Is 18 a factor of 887?
False
Is 88 a multiple of 27?
False
Is 9 a factor of 2007?
True
Does 12 divide 2060?
False
Does 17 divide 2176?
True
Does 173 divide 9162?
False
Does 4 divide 44?
True
Does 11 divide 836?
True
Is 82162 a multiple of 13?
False
Is 23 a factor of 2231?
True
Is 378 a multiple of 27?
True
Is 10 a factor of 2871?
False
Does 7 divide 460?
False
Is 67 a factor of 5486?
False
Does 95 divide 22317?
False
Is 24570 a multiple of 135?
True
Is 165 a multiple of 55?
True
Does 81 divide 4157?
False
Is 6213 a multiple of 19?
True
Is 26071 a multiple of 4?
False
Is 32197 a multiple of 11?
True
Does 24 divide 4920?
True
Is 6 a factor of 13236?
True
Is 2 a factor of 3039?
False
Is 150 a factor of 3358?
False
Is 1015 a multiple of 29?
True
Is 19774 a multiple of 35?
False
Does 31 divide 1500?
False
Is 54 a factor of 432?
True
Is 5 a factor of 6937?
False
Is 62 a factor of 13087?
False
Is 29318 a multiple of 137?
True
Does 11 divide 616?
True
Is 19 a factor of 1178?
True
Is 8202 a multiple of 23?
False
Is 14489 a multiple of 6?
False
Does 7 divide 366?
False
Does 4 divide 1101?
False
Is 2 a factor of 17?
False
Is 11 a factor of 599?
False
Is 5729 a multiple of 13?
False
Is 18 a factor of 5051?
False
Is 11890 a multiple of 21?
False
Does 23 divide 1265?
True
Is 14 a factor of 286?
False
Is 381 a multiple of 3?
True
Does 122 divide 1830?
True
Does 16 divide 105953?
False
Is 3555 a multiple of 27?
False
Is 45 a factor of 450?
True
Does 24 divide 14088?
True
Does 24 divide 235?
False
Is 77 a factor of 9394?
True
Is 84 a factor of 2538?
False
Does 66 divide 2508?
True
Does 6 divide 21004?
False
Is 4788 a multiple of 12?
True
Is 230 a factor of 66068?
False
Does 7 divide 177?
False
Does 110 divide 14891?
False
Is 32670 a multiple of 121?
True
Does 79 divide 31679?
True
Is 20 a factor of 691?
False
Is 16 a factor of 755?
False
Is 21257 a multiple of 23?
False
Does 37 divide 888?
True
Is 4 a factor of 355?
False
Is 17 a factor of 53907?
True
Is 3 a factor of 336?
True
Does 49 divide 14700?
True
Does 70 divide 21963?
False
Is 2968 a multiple of 28?
True
Is 42 a factor of 11987?
False
Is 305 a factor of 20435?
True
Is 22 a factor of 5126?
True
Is 10 a factor of 440?
True
Is 16 a factor of 1088?
True
Is 26 a factor of 27742?
True
Is 63 a factor of 699?
False
Does 69 divide 35077?
False
Is 30478 a multiple of 49?
True
Is 5370 a multiple of 39?
False
Is 80 a factor of 6800?
True
Is 17216 a multiple of 8?
True
Is 1505 a multiple of 66?
False
Is 167 a multiple of 8?
False
Is 3 a factor of 144?
True
Is 442 a multiple of 26?
True
Is 16 a factor of 33060?
False
Is 795 a multiple of 13?
False
Does 149 divide 9247?
False
Does 12 divide 624?
True
Is 4 a factor of 68?
True
Is 446 a multiple of 15?
False
Does 18 divide 249?
False
Is 8 a factor of 1801?
False
Is 2200 a multiple of 11?
True
Is 100 a factor of 1600?
True
Is 31260 a multiple of 20?
True
Is 54605 a multiple of 335?
True
Does 4 divide 277?
False
Does 33 divide 830?
False
Does 24 divide 1372?
False
Does 10 divide 3500?
True
Does 15 divide 2597?
False
Is 8 a factor of 367?
False
Is 6669 a multiple of 171?
True
Is 22 a factor of 8139?
False
Is 25 a factor of 1057?
False
Does 4 divide 3102?
False
Is 225 a multiple of 75?
True
Does 27 divide 7587?
True
Is 97 a factor of 19303?
True
Is 20 a factor of 1390?
False
Does 26 divide 14274?
True
Is 9 a factor of 354?
False
Is 10 a factor of 5525?
False
Is 13752 a multiple of 18?
True
Does 4 divide 56?
True
Is 17 a factor of 54944?
True
Is 36 a factor of 914?
False
Does 120 divide 720?
True
Is 517 a multiple of 11?
True
Is 45630 a multiple of 26?
True
Is 28680 a multiple of 6?
True
Is 10350 a multiple of 69?
True
Is 4284 a multiple of 34?
True
Is 401 a multiple of 3?
False
Is 646 even?
True
Is 1128 a multiple of 8?
True
Is 50 a factor of 1600?
True
Is 110 a factor of 5280?
True
Is 22 a factor of 14193?
False
Is 17 a factor of 1836?
True
Is 1988 a multiple of 50?
False
Is 56 a factor of 728?
True
Is 188 a factor of 6956?
True
Is 1680 a multiple of 16?
True
Does 10 divide 3352?
False
Is 2499 a multiple of 21?
True
Does 3 divide 623?
False
Is 49 a factor of 6561?
False
Is 20537 a multiple of 26?
False
Is 5452 a multiple of 58?
True
Does 34 divide 55328?
False
Is 7 a factor of 270?
False
Does 28 divide 38052?
True
Is 2236 a multiple of 86?
True
Does 21 divide 2184?
True
Is 71161 a multiple of 16?
False
Does 32 divide 352?
True
Is 11 a factor of 21978?
True
Is 12 a factor of 102?
False
Is 1632 a multiple of 102?
True
Does 15 divide 59130?
True
Is 110 a factor of 34652?
False
Does 60 divide 19800?
True
Is 7 a multiple of 7?
True
Is 10 a factor of 19042?
False
Does 10 divide 2096?
False
Is 2942 a multiple of 10?
False
Is 9 a factor of 2465?
False
Is 44 a factor of 5260?
False
Is 14 a factor of 1988?
True
Is 4 a factor of 165?
False
Is 210 a factor of 39984?
False
Is 64 a factor of 320?
True
Is 29 a factor of 1131?
True
Is 16 a factor of 3644?
False
Is 60 a factor of 4102?
False
Is 18 a factor of 2243?
False
Is 17 a factor of 6052?
True
Is 23 a factor of 3254?
False
Does 13 divide 11921?
True
Is 91 a factor of 8827?
True
Does 33 divide 18711?
True
Does 45 divide 2856?
False
Does 49 divide 1176?
True
Is 1419 a multiple of 19?
False
Is 138 a factor of 7973?
False
Is 34710 a multiple of 267?
True
Is 2310 a multiple of 10?
True
Does 16 divide 2256?
True
Is 168 a factor of 15743?
False
Does 16 divide 32?
True
Is 112 a factor of 5488?
True
Is 5606 a multiple of 13?
False
Is 2496 a multiple of 78?
True
Does 53 divide 1423?
False
Does 32 divide 5088?
True
Is 42 a factor of 6471?
False
Is 10109 a multiple of 11?
True
Is 3 a factor of 5148?
True
Is 5120 a multiple of 64?
True
Is 4 a factor of 1000?
True
Does 14 divide 33418?
True
Does 65 divide 1703?
False
Is 32 a factor of 3713?
False
Is 10 a factor of 54450?
True
Is 864 a multiple of 8?
True
Is 44 a factor of 1804?
True
Is 28 a factor of 274?
False
Does 74 divide 16724?
True
Does 4 divide 2180?
True
Is 126 a factor of 630?
True
Does 67 divide 5896?
True
Is 6299 a multiple of 7?
False
Is 91 a factor of 361?
False
Is 9 a factor of 30491?
False
Does 3 divide 127?
False
Does 35 divide 4293?
False
Does 28 divide 21056?
True
Is 28 a factor of 12378?
False
Is 12 a factor of 2016?
True
Does 13 divide 62368?
False
Is 314 even?
True
Does 9 divide 884?
False
Is 23 a factor of 478?
False
Is 20264 a multiple of 15?
False
Does 243 divide 20169?
True
Does 50 divide 330?
False
Is 9600 a multiple of 25?
True
Is 44 a factor of 3740?
True
Is 12933 a multiple of 9?
True
Is 38 a factor of 722?
True
Does 199 divide 38064?
False
Is 12 a factor of 6684?
True
Does 10 divide 294?
False
Is 5663 a multiple of 42?
False
Does 116 divide 20764?
True
Is 39 a factor of 1443?
True
Does 22 divide 4422?
True
Does 6 divide 210?
True
Is 3033 a multiple of 337?
True
Does 8 divide 6284?
False
Does 2 divide 86?
True
Is 1033 a multiple of 13?
False
Is 71 a factor of 2533?
False
Does 3 divide 162?
True
Does 12 divide 496?
False
Is 47 a factor of 752?
True
Does 110 divide 26162?
False
Is 1260 a multiple of 28?
True
Is 1156 a multiple of 47?
False
Does 3 divide 2241?
True
Does 10 divide 1826?
False
Is 32 a factor of 1479?
False
Does 95 divide 58316?
False
Is 46 a factor of 2806?
True
Is 70499 a multiple of 17?
True
Is 7 a factor of 334?
False
Is 336 a multiple of 28?
True
Does 34 divide 11526?
True
Is 6085 a multiple of 5?
True
Is 63 a multiple of 7?
True
Is 7139 a multiple of 11?
True
Does 57 divide 27132?
True
Does 24 divide 12456?
True
Does 9 divide 112?
False
Does 7 divide 4404?
False
Does 15 divide 6350?
False
Is 6 a factor of 779?
False
Is 5 a factor of 1697?
False
Does 11 divide 853?
False
Does 109 divide 47415?
True
Does 4 divide 3336?
True
Is 8910 a multiple of 99?
True
Does 62 divide 496?
True
Is 307 a multiple of 15?
False
Is 643 a multiple of 53?
False
Is 9 a factor of 329?
False
Does 9 divide 1698?
False
Does 87 divide 5046?
True
Does 222 divide 20447?
False
Does 37 divide 311?
False
Is 25548 a